ided by q?
10
Let h be 4*(26/(-8) + 2). What is the remainder when 9/(-15) - 58/h is divided by 6?
5
Let q be 0*(36/16 - 2). Suppose -f + 5 = q, 5*f + 0*f - 30 = -5*k. What is the remainder when 3 is divided by k?
0
Suppose 4*y - 7*y + 94 = c, -5*c - 25 = 0. Calculate the remainder when y is divided by 18.
15
Suppose -27 = 3*a - 6*a. Suppose t = -6*f + f - 67, -212 = 3*t + 4*f. Calculate the remainder when -1 + 0 + t/(-4) is divided by a.
8
Let g be (-4)/10*50/(-5). Suppose c + 33 = g*c. Suppose 0*h - 2*h = -8. Calculate the remainder when c is divided by h.
3
Let y(h) = -h**3 - 5*h**2 - h + 5. Let q be (-2 - -4)*9/(-2). Let c(u) = u + 4. Let x be c(q). Calculate the remainder when 28 is divided by y(x).
8
What is the remainder when 12/(-9)*(-2 - 19) is divided by (2/(-5))/(3/(-75))?
8
Let n(c) = c**3 + 10*c**2 + 8*c + 9. Calculate the remainder when n(-6) is divided by 27.
24
Let n(l) = -l + 88. Let z be n(0). Suppose 4*t + 0*t = z. Calculate the remainder when 64 is divided by t.
20
What is the remainder when 6*(-10)/(-15) - -52 is divided by 15?
11
Suppose 5*u - 7*u + 24 = 0. Let z = -38 - -71. Calculate the remainder when z is divided by u.
9
Let x(j) = 19 + 7 - 2*j + j. Suppose 2*w + 18 = 46. What is the remainder when x(0) is divided by w?
12
Let c(g) = -13*g**2 + 5*g - 6. Let b(q) = -14*q**2 + 6*q - 7. Let k(w) = 5*b(w) - 6*c(w). Calculate the remainder when 64 is divided by k(2).
31
Calculate the remainder when 59 is divided by (-4 - 1)/(5/(-15)).
14
Suppose -2*z = -g - 231, -2*g + 659 = 4*z + 201. Let w = -104 + 133. Calculate the remainder when z is divided by w.
28
Suppose 2*y - 5 = -3*g + 4*g, -g - 6 = -3*y. Calculate the remainder when 4 is divided by y.
0
Suppose -7 - 9 = 2*n. Let s(i) = 20*i + 8. Let y be s(6). What is the remainder when n/(-12) - y/(-6) is divided by 8?
6
Suppose 0 = 5*g + 4*f - 35, 5*g + 8 = -3*f + 43. Let z(y) = -y**2 + 5*y - 5. Let p be z(4). Calculate the remainder when -2*(-12 + (1 - p)) is divided by g.
6
Let i = 0 - 0. Suppose -4*b - 4*s + 44 = i, 5*b - 2*b - 3*s = 3. Calculate the remainder when 16 is divided by b.
4
Suppose -6*w + 90 = -3*w. Let r = 0 + 0. Suppose -t + 4*t - w = r. Calculate the remainder when t is divided by 6.
4
What is the remainder when (585/(-10))/(2/(-4)) is divided by 213/7 - 24/56?
27
Let m be -1 - -2 - (2 - 0). Let w = 1 - 2. Calculate the remainder when 12 is divided by 7/1*m*w.
5
Suppose 4*y - 55 - 97 = 0. Calculate the remainder when 113 is divided by y.
37
Suppose 0 = -3*n - 4*v + 106, -4*v + 34 = -5*n + 168. What is the remainder when n is divided by 9?
3
Let o(g) = 5*g**2 + 3*g + 2*g - g**3 + 0 + 4 - 3*g. What is the remainder when 39 is divided by o(5)?
11
Let h(j) = 5*j - 56. Calculate the remainder when 15 is divided by h(13).
6
Let i(p) = 6*p**2 + p + 2. What is the remainder when i(-3) is divided by 14?
11
Let s be ((-1)/(-2))/((-1)/(-68)). Let v = s + -20. Suppose -265 = -18*y + 13*y. What is the remainder when y is divided by v?
11
Let z(i) = i**3 + 6*i**2 + 4. Calculate the remainder when 11 is divided by z(-6).
3
Let l(z) = -z**3 + 7*z**2 + 7*z - 78. Let c = 1 + 0. What is the remainder when 10*((1 - 0) + c) is divided by l(5)?
6
Let u(n) = -n**2 - 9*n - 9. Let q be u(-8). Calculate the remainder when 10 is divided by ((-24)/(-20))/(q/(-5)).
4
Calculate the remainder when 99 is divided by -1 + (21 - -4 - -2).
21
Suppose -4*y + 74 = 4*s - 82, -s + 21 = -5*y. Calculate the remainder when s is divided by 17.
2
Let n be (8/(-10))/((-6)/(-45)). Let l = 26 + n. What is the remainder when l is divided by 11?
9
Let l = -2 - -2. Let q be (3 - 3)/(1 + l). Suppose q*t = -t + 10. Calculate the remainder when 28 is divided by t.
8
Let d(c) = -c**3 - 2*c**2 + 4*c - 33. What is the remainder when d(-5) is divided by (-8)/(-2)*(0 + 2)?
6
Let i = 7 - -17. Calculate the remainder when i is divided by ((-1)/2)/(2/(-36)).
6
Suppose 3*j - 2*y = -0*y + 34, 4*j = 2*y + 48. Suppose 3*d + j = 5*d. Calculate the remainder when 19 is divided by d.
5
Let k(d) = 6*d - 1. Suppose 5*a = 3*i + 39 - 9, 2*i + 30 = 5*a. Let z be k(a). Suppose -5*v + 0*v = -z. Calculate the remainder when 20 is divided by v.
6
Let t(f) = 19*f**2 + 2. What is the remainder when 103 is divided by t(1)?
19
Let h = -24 + 37. Calculate the remainder when 37 is divided by h.
11
Suppose i + 7 = 3*y, -5*y = 2*i - i - 33. What is the remainder when (-16)/6*(-42)/i is divided by 8?
6
Suppose 64 = -2*a + 2*t + 202, -4*a = t - 266. Suppose l - a - 8 = 0. Calculate the remainder when l is divided by 26.
23
Suppose 13*x - 8*x = 250. What is the remainder when x is divided by 13?
11
Let a(v) = -4*v**3 - 4 + 12*v + 8*v**2 + 3*v**3 - 9 + v**2. Calculate the remainder when (-2)/(-1*2) - -11 is divided by a(10).
5
Let d(k) = -k - 3. Let b be d(-7). Suppose 0 = a - 5*i - 28, 112 = b*a - 5*i + i. Calculate the remainder when a is divided by 11 + -2 + (-1 - -2).
8
What is the remainder when (17 - -8)*(-1 + 2) is divided by 11?
3
Let b be 3/(-6)*6 - -2. Let l be -1 + (b - 1) - -11. Suppose -3*f = 3*h, -2*f - 3*h + 5 - l = 0. Calculate the remainder when f is divided by 3.
0
Let p(i) = 11*i**2 + 1. Calculate the remainder when 20 is divided by p(-1).
8
Suppose 0*f + 45 = -5*f. Let z be (273/(-9))/((-3)/f). Let x = z + 138. Calculate the remainder when x is divided by 24.
23
Let y = 60 - -1. What is the remainder when y is divided by 14?
5
Suppose 2*o = 26 + 6. Suppose -i = 3*t - 134, -2*t + 58 = -4*i - 50. Calculate the remainder when t is divided by o.
14
Calculate the remainder when 4*15/(-50)*285/(-18) is divided by 14.
5
Let f = -10 + 15. Suppose 5*i - 15 - 36 = 4*o, 0 = -i - 3*o - 5. Calculate the remainder when i is divided by f.
2
Let u = 32 + -18. What is the remainder when 40 is divided by u?
12
Suppose 3*d = 7*d - 140. Calculate the remainder when d is divided by 18.
17
Let t(c) = 4*c - 3. Let z(w) = -4*w + 3. Let i(b) = 3*t(b) + 4*z(b). What is the remainder when i(-5) is divided by 5?
3
Let v(g) = -g**2 - 29*g - 6. What is the remainder when 41 is divided by v(-28)?
19
Let t = -9 + 100. Suppose -3*s + 107 + t = 0. What is the remainder when s is divided by 23?
20
Suppose -5*p - 100 - 20 = -4*v, v - 30 = 4*p. Calculate the remainder when 57 is divided by v.
27
Let b = 88 - -14. What is the remainder when (b/(-10))/((-5)/25) is divided by 13?
12
Let r = 5 - 3. Suppose g = -g, 0 = k + r*g - 32. Calculate the remainder when k is divided by 11.
10
Let o(n) = n**2 + 6*n - 212. What is the remainder when o(13) is divided by -1*(0 - 3*3)?
8
Suppose 88 = 5*n - 3*n. Suppose 19 = -5*f + n. Let l = f + -2. Calculate the remainder when 4 is divided by l.
1
Suppose -2*s = -5*n - 5*s + 157, -2*s + 37 = n. Suppose -3*b = -4*g - n, 0 = 3*b + b - 2*g - 22. Calculate the remainder when 7 is divided by b.
1
Suppose 3*d - d = -4. Suppose 60 = 5*t - 10. What is the remainder when t is divided by d + 1 + 6/1?
4
Suppose 3*q = q + 6. Suppose 25 = -q*s + 115. Calculate the remainder when 118 is divided by s.
28
Let s(u) be the third derivative of u**5/60 - u**4/4 + 2*u**3/3 + 3*u**2. Calculate the remainder when 6 is divided by s(6).
2
Let t be 4*-2*1/(-4). Suppose -20 = -4*p + x, 5*p - t*x = -0*p + 22. Suppose -b + 5*i + 6 = 22, 20 = 2*b + 3*i. What is the remainder when p is divided by b?
2
Suppose 4*v + 148 = -0*v + 2*t, -v - 51 = 3*t. Suppose 3*p + 8 = l, l + p = -0*p + 4. What is the remainder when 1/(75/v - -2) is divided by l?
3
What is the remainder when 96 is divided by 33 - 0*(6/(-2))/(-6)?
30
Let f(a) be the first derivative of a**3/3 - 3*a**2/2 + 8*a - 2. What is the remainder when 51 is divided by f(6)?
25
Suppose 3*l = 5*q + 49, -2*q + 4 = 2*l - 2. Suppose -8*m + 330 - 34 = 0. Suppose h - m = -16. Calculate the remainder when h is divided by l.
5
What is the remainder when 2*(19/2 + -1) is divided by (-3 + 2)/((-1)/9)?
8
Suppose -3*k = -3*j - 10 - 20, -k - 3*j = -2. What is the remainder when 19 is divided by k?
3
Let z(w) = 3*w - 38. Calculate the remainder when 39 is divided by z(15).
4
Let n = 0 + 2. Let c = n + 3. Let s(k) = -k**2 + 4*k. What is the remainder when c is divided by s(3)?
2
Suppose -4*z = -11 - 41. Calculate the remainder when 51 is divided by z.
12
Let o be ((-5)/(-10))/(2/8). Suppose 5 = -z - 4*h, 0*h - o*h + 35 